l(q)?
True
Let q = 3 - 1. Suppose -a - 36 = -q*a. Is a a multiple of 18?
True
Let k = 103 - 74. Is k a multiple of 8?
False
Let l be 1644/(-10) + 18/(-30). Is (-1 - -1) + l/(-5) a multiple of 11?
True
Let l(k) = -k**2 + 4*k - 3. Let i be l(3). Suppose s - u - 61 + 20 = i, 3*s + 4*u = 151. Does 16 divide s?
False
Let f(b) = -4*b**3 + b**2 + 2*b - 1. Let g be f(-2). Let s = g + 7. Let j = s + -20. Is 5 a factor of j?
False
Let j(g) = -7*g**3 + 6*g**2 + 13 - 14 - 4*g**2. Let f = 3 + -4. Is 8 a factor of j(f)?
True
Suppose -6*k + 525 + 477 = 0. Is 29 a factor of k?
False
Let p(k) = 40*k - 2. Is p(1) a multiple of 20?
False
Let i(t) = 2*t + 2. Let m be ((-9)/6)/((-3)/8). Does 4 divide i(m)?
False
Suppose -v + 3*x = -2*v + 7, 0 = 2*v + x + 1. Is 2/v*(-27)/3 a multiple of 6?
False
Is (-102)/(-12)*(0 + 6) a multiple of 11?
False
Suppose -3*m + 4*g + 70 = 0, 2*m = -5*g + g + 60. Let q = m - 15. Does 11 divide q?
True
Suppose -6*y = -y - 260. Let t = y - 20. Does 7 divide t?
False
Let i(c) = c**3 + 12*c**2 + 5*c - 2. Is 8 a factor of i(-11)?
True
Let g be 2/8 - 75/12. Let v(h) = h + 10. Is v(g) even?
True
Let w = -4 + 7. Suppose -w*l - 2*k + 95 + 53 = 0, 20 = -5*k. Does 26 divide l?
True
Let b(g) = g**2 + 7*g + 6. Let j be b(-4). Let s = -3 - j. Is 2 a factor of s?
False
Let r be 9*(0 + (-4)/6). Let k be (r/(-4))/(3/40). Suppose 0 = q + 2*q + x - 11, -5*x - k = 0. Is q a multiple of 2?
False
Let x(j) = j**2 - 4*j + 6. Let b be x(4). Is (-2)/b - (-417)/9 a multiple of 12?
False
Let q be 0/((-2)/(-3 + 1)). Suppose -2*n - 2*n + 212 = q. Is n a multiple of 19?
False
Let f(j) = j**2 + 9*j + 4. Let v be f(-9). Let n = 6 - v. Suppose 3*b = -n*b + 145. Is b a multiple of 11?
False
Let p be (4 - 2) + (3 - 1). Suppose 80 = 4*z + p*o, -4*z + 106 = 2*o + 18. Is z a multiple of 24?
True
Suppose -5*n - 5 = i, -3 = -n - i - 4. Let a be 159 - 0/(-1)*n. Suppose a - 21 = 3*o. Is 23 a factor of o?
True
Let b(i) = 4*i**2 - 12*i - 34. Is b(-4) a multiple of 3?
True
Suppose -y - k - 56 = 2*y, -4*y - 3*k = 78. Is 19 a factor of (y/(-5))/((-2)/(-50))?
False
Let x = 27 - 25. Let u(l) = l**3 - l**2 - 4*l - 1. Let y be u(3). Suppose -y*s = -x*w - 172, -67 = s - 3*s - w. Is 17 a factor of s?
True
Let f = 0 - -72. Let r = 160 - f. Let a = r - 39. Is a a multiple of 21?
False
Let p be 3/4 - 18/24. Suppose -2*h - 22 - 16 = p. Let s = -9 - h. Is s a multiple of 10?
True
Suppose 0 = 4*w - 340 - 144. Is w a multiple of 32?
False
Let z be 1/((-1)/(-8) - 0). Let v be (3 - (1 - -1))*-1. Let i = z - v. Is 9 a factor of i?
True
Let b(f) = -f**3 + 6*f**2 + 2*f. Let o be b(5). Suppose -4*n + o = -13. Is 12 a factor of n?
True
Suppose -3*q = q - 16. Suppose -q + 1 = -w. Suppose -w*v - 5 = -20. Is 4 a factor of v?
False
Does 11 divide 3 - (-164)/(7 + -3)?
True
Let o(p) = 4*p + 3. Let v be o(-3). Let m(q) = 9*q - 3. Let j(t) = -6*t + 2. Let a(b) = 8*j(b) + 5*m(b). Is 10 a factor of a(v)?
False
Suppose 0 = l - 0*l. Suppose -f + 6*f - 175 = l. Does 20 divide f?
False
Suppose 752 - 86 = 3*o. Is o a multiple of 32?
False
Suppose -j = -0*j - 2. Suppose 4*t - 102 = 5*h - 26, -5*t + j*h + 112 = 0. Does 12 divide t?
True
Let o(b) = -3 - 4*b**2 - 3*b**3 - 1 - 1 + 2*b**3. Does 10 divide o(-5)?
True
Let s = 3 + 12. Is 3 a factor of s?
True
Suppose 2*b = -3*o - 0*b + 16, 2*o + 2*b - 14 = 0. Is o/((-32)/(-76))*4 a multiple of 17?
False
Let m = -62 + 104. Is m a multiple of 18?
False
Let l = 216 + -107. Is l a multiple of 26?
False
Let j = 56 - 31. Suppose 3*f - 23 = -2*o + j, 3*o - 5*f - 91 = 0. Is o a multiple of 9?
True
Suppose -z - 4 = 0, r = -3*r + z + 572. Is r a multiple of 31?
False
Let q be 5*((-39)/(-15) - 2). Suppose 74 = q*m + 17. Is 13 a factor of m?
False
Let f(z) = -z + 6. Is f(-11) a multiple of 8?
False
Let u(d) = -d**3 - 2*d + 1. Let i(t) = 2*t**3 + 3*t - 2. Let z(l) = -2*i(l) - 3*u(l). Let g = -21 - -20. Does 2 divide z(g)?
True
Let z = -258 - -456. Suppose l + 2*l = z. Suppose 4 = -2*a + l. Does 11 divide a?
False
Let i = 44 - -6. Does 7 divide i?
False
Suppose 0 = n + n - 4. Suppose -45 = 3*z - n*v - 187, -z + v = -49. Is z a multiple of 12?
False
Let l(j) = -6*j. Let p be -1*(-1 + 4 + 0). Is 6 a factor of l(p)?
True
Let m(o) = -o**2 - 8*o + 3. Does 9 divide m(-3)?
True
Let v be (-16)/(-12)*24 - 3. Suppose -y + 3 = -v. Is 8 a factor of y?
True
Let h(n) = n + 17*n**2 + 4*n + 8 + n + 1. Let c(l) = -9*l**2 - 3*l - 5. Let w(q) = 11*c(q) + 6*h(q). Does 13 divide w(2)?
False
Let a = 24 + -3. Let u = a - -1. Is u a multiple of 11?
True
Let x be -1 - 0 - (-7 + 40). Let h = 64 + x. Is h a multiple of 10?
True
Let n = -6 + 10. Suppose 0 = -n*g + 19 + 33. Suppose -g = -3*f - 4. Is 2 a factor of f?
False
Let b be 2*((-30)/4)/(-5). Suppose b*x - 4*f = 26, -5*x - 4*f = -10*x + 30. Suppose 0 = 4*s - 2*s - 5*z - 82, -3*s + x*z = -112. Does 13 divide s?
False
Suppose -4*n = 4*y + 16, 2*n + 28 = -5*y + 5*n. Let s(i) = -6*i + 1. Let l be s(y). Suppose l = k + 2*v - 3, 0 = v - 2. Does 15 divide k?
True
Let p(h) = 4*h**3 - 2*h**2 - 3*h + 3. Does 7 divide p(2)?
True
Let m = 5 - 4. Suppose -5 + m = 4*v. Is (v/2)/(2/(-96)) a multiple of 12?
True
Suppose -128 = -4*n - 4*s + 140, 3*n = 5*s + 241. Is n a multiple of 12?
True
Let a(v) = 14*v**2 - 9*v + 2. Let w(k) = 7*k**2 - 4*k + 1. Let c(p) = -2*a(p) + 5*w(p). Is 3 a factor of c(1)?
True
Let x = 3 + 57. Is 6 a factor of x?
True
Let q(f) = 2*f**2 + 7*f - 17. Let a be q(-7). Suppose -2*v + 5*c = -0*v + 7, 3*v + 3*c = 0. Is 16 a factor of a + (0 - 1) - v?
True
Let j(c) = 3*c**2 + 5*c + 2. Does 11 divide j(-3)?
False
Suppose 4*q = q + 36. Suppose 0*l - 32 = -4*l - z, -l + 8 = -4*z. Let u = l + q. Is 15 a factor of u?
False
Let y be 10/4 + 2/4. Let i(v) = 5*v - 7. Let r be i(11). Suppose 0*o - 6 = 3*o, -y*q + 3*o + r = 0. Is q a multiple of 14?
True
Let c(r) = -2*r - 17. Let u be c(-8). Let x(n) = -39*n. Does 13 divide x(u)?
True
Suppose 2*m + 0 = 30. Is m a multiple of 5?
True
Suppose -2*p + 13 = 3*j, -j = 2*j - 5*p - 41. Suppose -2*n + j*n = 50. Is n a multiple of 10?
True
Suppose -w + 0*w - 4*q + 96 = 0, 0 = -3*w - 5*q + 253. Suppose g + 11 - w = 0. Suppose 7 - g = -2*r. Is r a multiple of 10?
False
Suppose 12 = n + 3*w, 20 + 4 = 5*n + 3*w. Suppose a - 60 = -2*a - n*z, -a + z = -24. Does 8 divide a?
False
Let l = -5 - -22. Let x = 17 + -13. Suppose 2*z = -3*s + l, 0 = -x*z + s + 36 + 19. Does 6 divide z?
False
Suppose -9*a + 241 + 1226 = 0. Is a a multiple of 30?
False
Let c(u) = -3*u - 11. Let n be c(-9). Let w = 9 + n. Is w a multiple of 9?
False
Suppose 0*p + 132 = 11*p. Is 12 a factor of p?
True
Is 15 a factor of 4/14 + (-12461)/(-119)?
True
Let q = 33 + -17. Does 4 divide q?
True
Suppose 7*o - 2*o - 2*a - 38 = 0, 4*o - 3*a - 29 = 0. Suppose o*u - 3*u = 100. Does 10 divide u?
True
Suppose 10 = 5*i - 2*x - 23, -4*i - 5*x + 33 = 0. Does 3 divide i?
False
Let c = 54 - 36. Suppose 0*z + c = 3*z. Let y = 3 + z. Does 9 divide y?
True
Let i(z) = -z**2 + 3*z + 3. Let x be i(-2). Does 11 divide (-3)/((-6)/x)*-4?
False
Suppose -8 = -2*o - 4*v, o + 0*o - 3*v = 4. Let l = 6 - o. Suppose 4*f + 20 = -f, -17 = -5*y - l*f. Does 2 divide y?
False
Let k(r) = -5 + 1 + 4 + r**2 - r - 1. Is 2 a factor of k(3)?
False
Let g = 276 + -172. Is 13 a factor of g?
True
Suppose -6*r + 4*r = 0. Suppose -h + 3 + 54 = r. Is 25 a factor of h?
False
Suppose -r = 5*a - 57, a + 27 = 3*r - 2*r. Suppose -2*w + w + r = 0. Does 16 divide w?
True
Let f(v) = 69*v - 45. Is f(6) a multiple of 36?
False
Let k(g) = -2*g**2 + 3*g. Let w be k(6). Let b = w - -78. Does 24 divide b?
True
Let q = -3 - -9. Suppose 2*b = q + 78. Is b a multiple of 16?
False
Let s(i) be the first derivative of 7*i**3/3 - i + 3. Suppose -4*b = -2 - 2. Is 6 a factor of s(b)?
True
Let y = -4 + -3. Let r(q) be the first derivative of -q**2 + 3*q - 2. Does 8 divide r(y)?
False
Is 15 a factor of 8078/49 - ((-2)/(-14))/(-1)?
True
Let j be (6/2 - 2)/(-1). Let g be 1 - 0 - 2/j. Suppose -9 = -o + g. Does 6 divide o?
True
Let c(s) = 2*s**2 + s + 1. Let q be c(2). Let i = q + -7. Does 3 divide i?
False
Let w be 4/12*(0 - -9). Let t(z) be the first derivative of 3*z**2 + z + 1. Does 11 divide t(w)?
False
Let f be (-18)/(-8) - (-5)/(-20). Suppose -2*j - f*j + 48 = -2*u, -3*u = -2*j + 52. Let q = -8 - u. Is 3 a factor of q?
True
Let v = -56 - 